{"id":26,"date":"2020-01-09T10:35:16","date_gmt":"2020-01-09T10:35:16","guid":{"rendered":"http:\/\/ecofin.es\/FinTech\/?page_id=26"},"modified":"2022-07-05T10:02:53","modified_gmt":"2022-07-05T09:02:53","slug":"inscripcion","status":"publish","type":"page","link":"https:\/\/ecofin.es\/FinTech\/inscripcion\/","title":{"rendered":"&nbsp;<!--Inscripci\u00f3n-->"},"content":{"rendered":"\r\n<center><h2><font size=\"50px\" color=\"#1e73be\" family=\"Maven Pro\">Inscripciones \/ Aforo limitado<\/font><\/center><\/h2>\r\n<p>Inscr\u00edbase a InnoBank 2022 y acomp\u00e1\u00f1enos en la gran cita de la innovaci\u00f3n financiera.<\/p>\r\n\r\n\r\n\r\n<p>Tenga en cuenta que <strong>el aforo de La Nave es limitado<\/strong>, por lo que necesitamos que especifique si quiere acompa\u00f1arnos en persona o prefiere hacerlo online (streaming).<\/p>\r\n\r\n\r\n\r\n<p>Rellene este formulario y nos pondremos en contacto con usted dentro de unos d\u00edas para <strong>confirmarle plaza presencial y enviarle el enlace de acceso a la retransmisi\u00f3n<\/strong>.<\/p>\r\n\r\n\r\n\r\n<h3 style=\"text-align: center;\"><a href=\"https:\/\/ecofin.es\/inscripcion-innobank-2022\/\">Acceder al formulario de inscripci\u00f3n<\/a><\/h3>\r\n\r\n\r\n\r\n<p>Para adherirse al cl\u00faster Madrid Capital FinTech, visite la web oficial <a href=\"http:\/\/www.madfintech.es\" target=\"_blank\" rel=\"noreferrer noopener\" aria-label=\"www.madfintech.es (se abre en una nueva pesta\u00f1a)\">www.madfintech.es<\/a><\/p>\r\n","protected":false},"excerpt":{"rendered":"<p>Inscripciones \/ Aforo limitado Inscr\u00edbase a InnoBank 2022 y acomp\u00e1\u00f1enos en la gran cita de la innovaci\u00f3n financiera. Tenga en cuenta que el aforo de La Nave es limitado, por lo que necesitamos que especifique si quiere acompa\u00f1arnos en persona o prefiere hacerlo online (streaming). Rellene este formulario y nos pondremos en contacto con usted<\/p>\n<div><a class=\"btn-filled btn\" href=\"https:\/\/ecofin.es\/FinTech\/inscripcion\/\" title=\"&nbsp;\">Leer m\u00e1s<\/a><\/div>\n","protected":false},"author":1,"featured_media":0,"parent":0,"menu_order":0,"comment_status":"closed","ping_status":"closed","template":"","meta":[],"_links":{"self":[{"href":"https:\/\/ecofin.es\/FinTech\/wp-json\/wp\/v2\/pages\/26"}],"collection":[{"href":"https:\/\/ecofin.es\/FinTech\/wp-json\/wp\/v2\/pages"}],"about":[{"href":"https:\/\/ecofin.es\/FinTech\/wp-json\/wp\/v2\/types\/page"}],"author":[{"embeddable":true,"href":"https:\/\/ecofin.es\/FinTech\/wp-json\/wp\/v2\/users\/1"}],"replies":[{"embeddable":true,"href":"https:\/\/ecofin.es\/FinTech\/wp-json\/wp\/v2\/comments?post=26"}],"version-history":[{"count":12,"href":"https:\/\/ecofin.es\/FinTech\/wp-json\/wp\/v2\/pages\/26\/revisions"}],"predecessor-version":[{"id":780,"href":"https:\/\/ecofin.es\/FinTech\/wp-json\/wp\/v2\/pages\/26\/revisions\/780"}],"wp:attachment":[{"href":"https:\/\/ecofin.es\/FinTech\/wp-json\/wp\/v2\/media?parent=26"}],"curies":[{"name":"wp","href":"https:\/\/api.w.org\/{rel}","templated":true}]}}