{"id":20,"date":"2020-01-09T10:34:32","date_gmt":"2020-01-09T10:34:32","guid":{"rendered":"http:\/\/ecofin.es\/FinTech\/?page_id=20"},"modified":"2022-07-10T15:15:07","modified_gmt":"2022-07-10T14:15:07","slug":"quienes-somos","status":"publish","type":"page","link":"https:\/\/ecofin.es\/FinTech\/quienes-somos\/","title":{"rendered":"&nbsp; <!--Qui\u00e9nes somos-->"},"content":{"rendered":"<div id=\"pl-20\"  class=\"panel-layout\" ><div id=\"pg-20-0\"  class=\"panel-grid panel-has-style\" ><div class=\"panel-row-style panel-row-style-for-20-0\" ><div id=\"pgc-20-0-0\"  class=\"panel-grid-cell\" ><div id=\"panel-20-0-0-0\" class=\"so-panel widget widget_sow-headline panel-first-child panel-last-child\" data-index=\"0\" ><div\n\t\t\t\n\t\t\tclass=\"so-widget-sow-headline so-widget-sow-headline-default-a60f3b7f433f-20\"\n\t\t\t\n\t\t><div class=\"sow-headline-container \">\n\t<h2 class='sow-headline'>\u00bfQui\u00e9nes S\u00f3mos?<\/h2>\t\t\t\t\t<div class=\"decoration\">\n\t\t\t\t\t\t<div class=\"decoration-inside\"><\/div>\n\t\t\t\t\t<\/div>\n\t\t\t\t\t<\/div><\/div><\/div><\/div><\/div><\/div><div id=\"pg-20-1\"  class=\"panel-grid panel-no-style\" ><div id=\"pgc-20-1-0\"  class=\"panel-grid-cell\" ><div id=\"panel-20-1-0-0\" class=\"so-panel widget widget_sow-image panel-first-child\" data-index=\"1\" ><div\n\t\t\t\n\t\t\tclass=\"so-widget-sow-image so-widget-sow-image-default-17bc2272b535-20\"\n\t\t\t\n\t\t>\n\n<div class=\"sow-image-container\">\n\t\t<img src=\"https:\/\/ecofin.es\/FinTech\/wp-content\/uploads\/2021\/02\/LOGO-ECOFIN.png\" width=\"286\" height=\"111\" sizes=\"(max-width: 286px) 100vw, 286px\" alt=\"\" loading=\"lazy\" \t\tclass=\"so-widget-image\"\/>\n\t<\/div>\n\n<\/div><\/div><div id=\"panel-20-1-0-1\" class=\"so-panel widget widget_sow-editor\" data-index=\"2\" ><div\n\t\t\t\n\t\t\tclass=\"so-widget-sow-editor so-widget-sow-editor-base\"\n\t\t\t\n\t\t>\n<div class=\"siteorigin-widget-tinymce textwidget\">\n\t<p><!-- wp:html --><\/p>\n<p><center><strong style=\"font-size: 15px;\">FORO ECOFIN<\/strong><span style=\"font-size: 15px;\"> es un laboratorio de ideas que agrupa a empresas, asociaciones y escuelas de negocios interesadas en mejorar la gobernanza y el entorno financiero de la econom\u00eda. Plataforma colaborativa interesada en promover el conocimiento y el an\u00e1lisis, las redes de contactos en los negocios, el desarrollo del mundo financiero y mercantil, la gesti\u00f3n \u00e9tica basada en principios y valores de la sociedad y de sus actores principales: entidades financieras, compa\u00f1\u00edas p\u00fablicas y privadas.<\/span><\/center><\/p>\n<div class=\"wp-block-media-text alignwide\" style=\"grid-template-columns: 46% auto;\">\n<div class=\"wp-block-media-text__content\">\n<p><!-- \/wp:paragraph --><\/p>\n<\/div>\n<\/div>\n<p><!-- \/wp:media-text --><\/p>\n<\/div>\n<\/div><\/div><div id=\"panel-20-1-0-2\" class=\"so-panel widget widget_sow-image\" data-index=\"3\" ><div\n\t\t\t\n\t\t\tclass=\"so-widget-sow-image so-widget-sow-image-default-17bc2272b535-20\"\n\t\t\t\n\t\t>\n\n<div class=\"sow-image-container\">\n\t\t<img src=\"https:\/\/ecofin.es\/FinTech\/wp-content\/uploads\/2021\/02\/circulofintechlogo-300x150.png\" width=\"300\" height=\"150\" srcset=\"https:\/\/ecofin.es\/FinTech\/wp-content\/uploads\/2021\/02\/circulofintechlogo-300x150.png 300w, https:\/\/ecofin.es\/FinTech\/wp-content\/uploads\/2021\/02\/circulofintechlogo.png 696w\" sizes=\"(max-width: 300px) 100vw, 300px\" alt=\"\" loading=\"lazy\" \t\tclass=\"so-widget-image\"\/>\n\t<\/div>\n\n<\/div><\/div><div id=\"panel-20-1-0-3\" class=\"so-panel widget widget_sow-editor\" data-index=\"4\" ><div\n\t\t\t\n\t\t\tclass=\"so-widget-sow-editor so-widget-sow-editor-base\"\n\t\t\t\n\t\t>\n<div class=\"siteorigin-widget-tinymce textwidget\">\n\t<p><!-- wp:html --><\/p>\n<p><center><strong style=\"font-size: 15px;\">C\u00edrculo FinTech<\/strong><span style=\"font-size: 15px;\"> es un think tank liderado por Foro ECOFIN y compuesto por empresas de base tecnol\u00f3gica que prestan servicios financieros en Espa\u00f1a y otros pa\u00edses del mundo. Cuenta con el asesoramiento de otras entidades especialistas en regulaci\u00f3n, comunicaciones, tecnolog\u00eda, riesgos, blockchain, inteligencia artificial, etc. Selecciona cada a\u00f1o a las diez empresas a seguir en el medio plazo, como empresas innovadoras, tractoras y que crean tendencia en el sector financiero de base tecnol\u00f3gica. Este selectivo se conoce como TopTen FinTech.<\/span><\/center><\/p>\n<div class=\"wp-block-media-text alignwide\" style=\"grid-template-columns: 46% auto;\">\n<div class=\"wp-block-media-text__content\">\n<p><!-- \/wp:paragraph --><\/p>\n<\/div>\n<\/div>\n<p><!-- \/wp:media-text --><\/p>\n<\/div>\n<\/div><\/div><div id=\"panel-20-1-0-4\" class=\"so-panel widget widget_sow-headline\" data-index=\"5\" ><div\n\t\t\t\n\t\t\tclass=\"so-widget-sow-headline so-widget-sow-headline-default-5a39b89bfc8a-20\"\n\t\t\t\n\t\t><div class=\"sow-headline-container \">\n\t<h2 class='sow-headline'>Parnertship<\/h2>\t\t\t\t\t<div class=\"decoration\">\n\t\t\t\t\t\t<div class=\"decoration-inside\"><\/div>\n\t\t\t\t\t<\/div>\n\t\t\t\t\t<\/div><\/div><\/div><div id=\"panel-20-1-0-5\" class=\"so-panel widget widget_sow-image\" data-index=\"6\" ><div\n\t\t\t\n\t\t\tclass=\"so-widget-sow-image so-widget-sow-image-default-17bc2272b535-20\"\n\t\t\t\n\t\t>\n\n<div class=\"sow-image-container\">\n\t\t<img src=\"https:\/\/ecofin.es\/FinTech\/wp-content\/uploads\/2022\/06\/softtek-logo.png\" width=\"450\" height=\"178\" srcset=\"https:\/\/ecofin.es\/FinTech\/wp-content\/uploads\/2022\/06\/softtek-logo.png 450w, https:\/\/ecofin.es\/FinTech\/wp-content\/uploads\/2022\/06\/softtek-logo-300x119.png 300w, https:\/\/ecofin.es\/FinTech\/wp-content\/uploads\/2022\/06\/softtek-logo-228x90.png 228w\" sizes=\"(max-width: 450px) 100vw, 450px\" alt=\"\" loading=\"lazy\" \t\tclass=\"so-widget-image\"\/>\n\t<\/div>\n\n<\/div><\/div><div id=\"panel-20-1-0-6\" class=\"so-panel widget widget_sow-editor panel-last-child\" data-index=\"7\" ><div\n\t\t\t\n\t\t\tclass=\"so-widget-sow-editor so-widget-sow-editor-base\"\n\t\t\t\n\t\t>\n<div class=\"siteorigin-widget-tinymce textwidget\">\n\t<p style=\"text-align: center;\">Softtek y Vector ITC: Fuerza disruptiva en servicios digitales<\/p>\n<p style=\"text-align: center;\">Softtek presenta las soluciones tecnol\u00f3gicas basadas en la innovaci\u00f3n y el conocimiento global para impulsar el cambio digital y generar valor.<\/p>\n<\/div>\n<\/div><\/div><\/div><\/div><\/div>","protected":false},"excerpt":{"rendered":"<p>FORO ECOFIN es un laboratorio de ideas que agrupa a empresas, asociaciones y escuelas de negocios interesadas en mejorar la gobernanza y el entorno financiero de la econom\u00eda. Plataforma colaborativa interesada en promover el conocimiento y el an\u00e1lisis, las redes de contactos en los negocios, el desarrollo del mundo financiero y mercantil, la gesti\u00f3n \u00e9tica<\/p>\n<div><a class=\"btn-filled btn\" href=\"https:\/\/ecofin.es\/FinTech\/quienes-somos\/\" title=\"&nbsp; \">Leer m\u00e1s<\/a><\/div>\n","protected":false},"author":1,"featured_media":0,"parent":0,"menu_order":0,"comment_status":"closed","ping_status":"closed","template":"page-templates\/full-width.php","meta":[],"_links":{"self":[{"href":"https:\/\/ecofin.es\/FinTech\/wp-json\/wp\/v2\/pages\/20"}],"collection":[{"href":"https:\/\/ecofin.es\/FinTech\/wp-json\/wp\/v2\/pages"}],"about":[{"href":"https:\/\/ecofin.es\/FinTech\/wp-json\/wp\/v2\/types\/page"}],"author":[{"embeddable":true,"href":"https:\/\/ecofin.es\/FinTech\/wp-json\/wp\/v2\/users\/1"}],"replies":[{"embeddable":true,"href":"https:\/\/ecofin.es\/FinTech\/wp-json\/wp\/v2\/comments?post=20"}],"version-history":[{"count":61,"href":"https:\/\/ecofin.es\/FinTech\/wp-json\/wp\/v2\/pages\/20\/revisions"}],"predecessor-version":[{"id":843,"href":"https:\/\/ecofin.es\/FinTech\/wp-json\/wp\/v2\/pages\/20\/revisions\/843"}],"wp:attachment":[{"href":"https:\/\/ecofin.es\/FinTech\/wp-json\/wp\/v2\/media?parent=20"}],"curies":[{"name":"wp","href":"https:\/\/api.w.org\/{rel}","templated":true}]}}