{"id":31,"date":"2020-10-14T11:48:37","date_gmt":"2020-10-14T11:48:37","guid":{"rendered":"http:\/\/ecofin.es\/ElDespertador\/?page_id=31"},"modified":"2020-11-25T11:24:53","modified_gmt":"2020-11-25T11:24:53","slug":"el-tesoro","status":"publish","type":"page","link":"https:\/\/ecofin.es\/ElDespertador\/el-tesoro\/","title":{"rendered":"El Tesoro"},"content":{"rendered":"\n<figure class=\"wp-block-image size-large is-resized is-style-rounded\"><img loading=\"lazy\" src=\"http:\/\/ecofin.es\/ElDespertador\/wp-content\/uploads\/2020\/10\/4-edited-1.png\" alt=\"\" class=\"wp-image-145\" width=\"226\" height=\"127\" srcset=\"https:\/\/ecofin.es\/ElDespertador\/wp-content\/uploads\/2020\/10\/4-edited-1.png 989w, https:\/\/ecofin.es\/ElDespertador\/wp-content\/uploads\/2020\/10\/4-edited-1-300x169.png 300w, https:\/\/ecofin.es\/ElDespertador\/wp-content\/uploads\/2020\/10\/4-edited-1-768x433.png 768w\" sizes=\"(max-width: 226px) 100vw, 226px\" \/><\/figure>\n\n\n\n<p><\/p>\n\n\n\n<p><strong>1.- Dotaci\u00f3n econ\u00f3mica:<\/strong> Premio en met\u00e1lico de <strong>5.000 euros<\/strong> a los 3 seleccionados.<br><br><strong>2.- Coach estrat\u00e9gico:<\/strong> Contaremos con <strong>Ofelia Santiago<\/strong> como <em>coach <\/em>internacional que asesorar\u00e1 a los emprendedores de los proyectos ganadores aport\u00e1ndoles visi\u00f3n estrat\u00e9gica y escalabilidad desde el 1 de diciembre de 2020 al 30 de junio de 2021.<br><br><strong>3.- Coworking: <\/strong>Un lugar donde trabajar y obtener<strong> sinergias<\/strong>, si se desea.<br><br><strong>4.- Formaci\u00f3n: <\/strong>Programa intensivo de <strong>Gesti\u00f3n Empresarial <\/strong>para Emprendedores (Universidad de Alcal\u00e1 de Henares).<br><br><strong>5.- Mentores:<\/strong> Durante 7 meses, cada semana se sentar\u00e1 una hora con un alto directivo de nuestros mentores: <strong>bancos, grandes empresas, entidades p\u00fablicas, mentores internacionales, etc.<\/strong><\/p>\n\n\n\n<div class=\"wp-block-image\"><figure class=\"aligncenter size-large is-resized\"><img loading=\"lazy\" src=\"http:\/\/ecofin.es\/ElDespertador\/wp-content\/uploads\/2020\/10\/imageonline-co-transparentimage-copia-3-1-1024x435.png\" alt=\"\" class=\"wp-image-330\" width=\"211\" height=\"89\" srcset=\"https:\/\/ecofin.es\/ElDespertador\/wp-content\/uploads\/2020\/10\/imageonline-co-transparentimage-copia-3-1-1024x435.png 1024w, https:\/\/ecofin.es\/ElDespertador\/wp-content\/uploads\/2020\/10\/imageonline-co-transparentimage-copia-3-1-300x127.png 300w, https:\/\/ecofin.es\/ElDespertador\/wp-content\/uploads\/2020\/10\/imageonline-co-transparentimage-copia-3-1-768x326.png 768w, https:\/\/ecofin.es\/ElDespertador\/wp-content\/uploads\/2020\/10\/imageonline-co-transparentimage-copia-3-1-1536x652.png 1536w, https:\/\/ecofin.es\/ElDespertador\/wp-content\/uploads\/2020\/10\/imageonline-co-transparentimage-copia-3-1-2048x870.png 2048w\" sizes=\"(max-width: 211px) 100vw, 211px\" \/><\/figure><\/div>\n\n\n\n<div class=\"wp-block-image\"><figure class=\"aligncenter size-large is-resized\"><img loading=\"lazy\" src=\"http:\/\/ecofin.es\/ElDespertador\/wp-content\/uploads\/2020\/10\/imageonline-co-transparentimage-3.png\" alt=\"\" class=\"wp-image-328\" width=\"154\" height=\"74\" srcset=\"https:\/\/ecofin.es\/ElDespertador\/wp-content\/uploads\/2020\/10\/imageonline-co-transparentimage-3.png 1024w, https:\/\/ecofin.es\/ElDespertador\/wp-content\/uploads\/2020\/10\/imageonline-co-transparentimage-3-300x144.png 300w, https:\/\/ecofin.es\/ElDespertador\/wp-content\/uploads\/2020\/10\/imageonline-co-transparentimage-3-768x368.png 768w, https:\/\/ecofin.es\/ElDespertador\/wp-content\/uploads\/2020\/10\/imageonline-co-transparentimage-3-730x350.png 730w\" sizes=\"(max-width: 154px) 100vw, 154px\" \/><\/figure><\/div>\n\n\n\n<div class=\"wp-block-image is-style-default\"><figure class=\"aligncenter size-large is-resized\"><img loading=\"lazy\" src=\"http:\/\/ecofin.es\/ElDespertador\/wp-content\/uploads\/2020\/10\/imageonline-co-transparentimage-4-1024x529.png\" alt=\"\" class=\"wp-image-336\" width=\"224\" height=\"98\"\/><\/figure><\/div>\n\n\n\n<div class=\"wp-block-buttons\">\n<div class=\"wp-block-button is-style-outline\"><a class=\"wp-block-button__link\" href=\"https:\/\/ecofin.es\/silvermoney-bewego-y-tantum-ganan-el-despertador\/\" target=\"_blank\" rel=\"noreferrer noopener\">Conoce a las 3 startups ganadoras<\/a><\/div>\n<\/div>\n","protected":false},"excerpt":{"rendered":"<p>1.- Dotaci\u00f3n econ\u00f3mica: Premio en met\u00e1lico de 5.000 euros a los 3 seleccionados. 2.- Coach estrat\u00e9gico: Contaremos con Ofelia Santiago como coach internacional que asesorar\u00e1 a los emprendedores de los proyectos ganadores aport\u00e1ndoles visi\u00f3n estrat\u00e9gica y escalabilidad desde el 1 de diciembre de 2020 al 30 de junio de 2021. 3.- Coworking: Un lugar donde<\/p>\n<div><a class=\"btn-filled btn\" href=\"https:\/\/ecofin.es\/ElDespertador\/el-tesoro\/\" title=\"El Tesoro\">Leer m\u00e1s<\/a><\/div>\n","protected":false},"author":1,"featured_media":0,"parent":0,"menu_order":0,"comment_status":"closed","ping_status":"closed","template":"","meta":[],"_links":{"self":[{"href":"https:\/\/ecofin.es\/ElDespertador\/wp-json\/wp\/v2\/pages\/31"}],"collection":[{"href":"https:\/\/ecofin.es\/ElDespertador\/wp-json\/wp\/v2\/pages"}],"about":[{"href":"https:\/\/ecofin.es\/ElDespertador\/wp-json\/wp\/v2\/types\/page"}],"author":[{"embeddable":true,"href":"https:\/\/ecofin.es\/ElDespertador\/wp-json\/wp\/v2\/users\/1"}],"replies":[{"embeddable":true,"href":"https:\/\/ecofin.es\/ElDespertador\/wp-json\/wp\/v2\/comments?post=31"}],"version-history":[{"count":27,"href":"https:\/\/ecofin.es\/ElDespertador\/wp-json\/wp\/v2\/pages\/31\/revisions"}],"predecessor-version":[{"id":485,"href":"https:\/\/ecofin.es\/ElDespertador\/wp-json\/wp\/v2\/pages\/31\/revisions\/485"}],"wp:attachment":[{"href":"https:\/\/ecofin.es\/ElDespertador\/wp-json\/wp\/v2\/media?parent=31"}],"curies":[{"name":"wp","href":"https:\/\/api.w.org\/{rel}","templated":true}]}}